lculate j(-17).
-8
Let i(g) = 11*g**2 - 8*g + 9. Let b = 440 + -433. Let k be (48/36)/((-2)/9). Let v(z) = 10*z**2 - 7*z + 8. Let s(r) = b*v(r) + k*i(r). Give s(-2).
20
Let y(h) = -7*h - 1 - 4 - h**2 + 2 + 11. Let n be y(-8). Let c(z) = -42*z + 41*z + 10 + n. Give c(7).
3
Suppose -5*w + 6 = -2*w. Suppose -254*d = -260*d + 18. Suppose d*v + w = -1. Let p(y) = 3*y**2. Give p(v).
3
Let w be (-3)/(20*10/2700 - (-134)/378). Let i(x) be the third derivative of -x**6/120 - x**5/10 + x**4/4 + 2*x**3/3 - 6*x**2. Determine i(w).
11
Let h(o) = -o**2 + 46*o + 497. Suppose 3*r - 3*z = 177, -642*r + 640*r + z = -114. What is h(r)?
2
Let c(r) be the third derivative of -r**7/2520 + r**6/120 + r**5/40 + r**4/6 - 17*r**3/3 - 33*r**2. Let v(d) be the second derivative of c(d). Give v(5).
8
Suppose -2*i + 6 = 5*j, 4*j = -3*i + 4 - 2. Let v(k) = -97*k**2 + 2 + 96*k**j + 3*k + 1 - k**3. Calculate v(-2).
1
Let r be 638/87 - (-2)/3. Let x be (-4)/(-96)*r*0/(-2). Let k(f) = f**3 + f**2 + 2*f - 8. Calculate k(x).
-8
Let o(k) = -19*k + 8. Let s(u) be the third derivative of 3*u**4/8 - 2*u**3/3 - 32*u**2 + 2. Let q(x) = -6*o(x) - 13*s(x). Calculate q(-5).
19
Let o(n) = 4*n**2 + n - 5*n**2 - 2*n - 3*n. Let p be (2 + 2)/(4/177). Let m = p - 182. Give o(m).
-5
Let v(n) = n**3 - 6*n**2 - 7*n + 4. Let f(l) = 3*l**3 - 17*l**2 - 20*l + 12. Let b(g) = -2*f(g) + 7*v(g). Suppose -442 = -74*x + 224. Determine b(x).
4
Let a(f) = -62*f**2 - 928*f + 30. Let m be a(-15). Let w(c) be the second derivative of 5/2*c**2 + m + 2/3*c**3 + 13*c - 1/12*c**4. Determine w(5).
0
Suppose 6*v - v + 2*w - 46 = 0, -2*v - 2*w + 22 = 0. Suppose -v = -s + 3*f, s - 2*f = -5 + 10. Let y(i) = -2*i**2 + 1. Give y(s).
-1
Let o(p) be the first derivative of 49 + 8*p + 4*p - p**2 - 22*p + 9*p. Give o(-3).
5
Let v(p) be the first derivative of p**7/840 + p**6/360 - p**5/120 + 3*p**4/4 + p**3 - p - 25. Let s(q) be the third derivative of v(q). Give s(0).
18
Let v(o) = o**3 - 11*o**2 + 10*o + 6. Let c(l) be the first derivative of -5*l**2 + 7. Let u be c(-1). Give v(u).
6
Let x(i) = 351*i - 1098*i + 364*i + 359*i - 7. Determine x(-2).
41
Let p = -9528 + 9526. Let i(u) = u**2 + u + 4. Calculate i(p).
6
Let i(m) be the second derivative of m**5/20 + m**4/3 - m**3/3 - 4*m**2 + 2390*m. Calculate i(-4).
0
Let x(z) = z + 2. Suppose 14*k - 40 = 6*k. Let w be 3/4*((-72)/8 + k). Let i be 90/12 - (15/(-6) - w). What is x(i)?
9
Let v(y) = y**3 - 7*y**2 - 6*y - 28. Let c be (-5)/((-4)/(4/(-1)) - 52/32). What is v(c)?
-12
Let q = -396 + 395. Let o(p) = -2*p - 1. Let j(i) = -i**2 + 8*i + 8. Let u(c) = q*j(c) - 4*o(c). What is u(3)?
5
Let d(u) = 13*u - 3. Let l be d(0). Let k(o) be the second derivative of -7*o**3/6 - 2*o**2 + 2*o + 11. Determine k(l).
17
Let q be (-86)/(-215) + (-7)/5. Let d be 88/(-9) - q - (-22)/(-99). Let r(l) = -l**3 - 10*l**2 - 11*l - 20. Give r(d).
-2
Let c = -34906 - -34903. Let z(s) = -3*s**2 + 14*s + 17. Calculate z(c).
-52
Let s(m) = 5 + m - 825*m**2 + 824*m**2 + 2. Suppose -11*d + 51 + 4 = 0. Calculate s(d).
-13
Let c be (((-21)/(-84))/((-3)/(-84)))/(3/(-3)). Let a(i) = -i - 29. What is a(c)?
-22
Suppose -13*b = -8*b + 10. Let d(t) = -t**3 - 13*t**2 - 15*t - 4. Let x(h) = -h**3 - 12*h**2 - 13*h - 5. Let g(q) = b*d(q) + 3*x(q). What is g(-9)?
-7
Let o be 142/6 - (2 + 8/(-6)). Suppose 1 + 2 = -j, -4*d + 3*j - o = 0. Let z(b) be the first derivative of b**2 + 9*b + 6. What is z(d)?
-7
Suppose 3*i - o + 5*o - 17 = 0, -4*o = -i - 21. Let h(c) = -26*c**3 + 5*c**2. Let k(u) = 27*u**3 - 4*u**2. Let d(m) = 4*h(m) + 5*k(m). Calculate d(i).
-31
Let x(z) be the third derivative of 0*z - 20*z**2 - 2/15*z**5 + 1 + z**3 + 1/4*z**4 + 1/120*z**6. Calculate x(7).
-1
Let h(k) = -43*k**2 + 6 - 16 + 30*k + 42*k**2 + 5 - k. What is h(29)?
-5
Suppose 0 = 64*j - 65*j + 2, -14 = -3*y - 4*j. Let m(w) = -29*w**2 + 3*w - 3. Determine m(y).
-113
Suppose 0 = -3*g + 5*h + 103, 0 = 4*g - 9*h + 7*h - 114. Suppose -g*v + 32 = -28*v. Let z(x) = x**2 + 15*x - 20. Calculate z(v).
-4
Let k(d) = 2*d + 55. Let v(y) = 14*y - 165. Let a be v(10). Give k(a).
5
Let h = -7 - 52. Let t = h - -64. Let s(o) = -4*o**2 - 11*o + 1. Let f(c) = 5*c**2 + 12*c. Let v(p) = -5*f(p) - 6*s(p). Calculate v(t).
-1
Let f(i) be the first derivative of -i**4/4 - 22*i**3/3 - 12*i**2 - 6*i + 2923. Determine f(-21).
57
Let o(r) = r**3 - r**2 + r + 1. Let f = 54 + -49. Suppose 3*j - 9*q + 28 = -f*q, -4*j = -4*q + 32. Let l(c) = c**3 + 4*c**2 + c + 4. Let z be l(j). Give o(z).
1
Let o(t) = -t - 4. Suppose -5*d - 118 - 17 = 0. Let w = d + 12. Let r be 2/w + 4 + (-26)/30. Determine o(r).
-7
Let n = 6041 + -6035. Let k(a) = -a**3 + 4*a**2 + 2*a + 6. Give k(n).
-54
Let s(w) = -2*w + 2. Let f be s(-3). Let c(m) be the first derivative of -1/2*m**2 + 30 + 8*m. What is c(f)?
0
Let r(l) = -49*l + 6. Let c(y) = 270*y - 32. Let w(f) = 2*c(f) + 11*r(f). Give w(11).
13
Let p(s) be the first derivative of s**3/3 + 15*s**2/2 + 56*s - 1433. What is p(-7)?
0
Let l = -4021 - -4026. Let b(k) be the first derivative of k**4/12 + 5*k**3/6 - 2*k**2 + 5. Let h(w) be the second derivative of b(w). What is h(l)?
15
Suppose 66*n = -738 + 1002. Let x(s) = 2*s**2 - 2*s - 6. Let l(z) = 4*z**2 - 5*z - 13. Let o(u) = 2*l(u) - 5*x(u). What is o(n)?
-28
Let m(h) = -2*h**3 + 2*h**2 + 4. Suppose -a + 4*q = 22, a + 16 = 3*q - 0*q. Give m(a).
-4
Let t(m) = 8*m + 396. Let u(o) = -o - 79. Let l(v) = -3*t(v) - 16*u(v). Let c be l(10). Let z(h) = h**3 + 3*h**2 - 5*h - 2. Determine z(c).
2
Let u(t) = t**3 + 37*t**2 - 34*t + 144. Let q = 6264 + -6302. Calculate u(q).
-8
Let d(o) = 2*o + 4 + 4*o - 3*o - 14. Suppose 30 + 24 = -6*g. Calculate d(g).
-37
Let r(v) = -2*v - 8. Let a be r(-8). Suppose 2*h + a = 6*h. Let z(x) = 3 + 3*x + x + x - 4. Calculate z(h).
9
Suppose -i + 2*n = 1, -n = 2*i - 0*n + 12. Let o be (-60)/50*i/(-2) - 1. Let v(a) = -6*a + 1. Give v(o).
25
Let o(w) be the first derivative of -w**4/4 - 9*w**3 - 4*w - 5895. Give o(-27).
-4
Let f(l) be the third derivative of 1/8*l**4 + 0 + 1/60*l**5 + 1/2*l**3 + 71*l**2 + 0*l. Determine f(-5).
13
Let k(y) be the third derivative of -y**8/6720 + y**7/1260 - y**6/144 + y**5/60 + 7*y**4/8 - 50*y**2. Let x(h) be the second derivative of k(h). Give x(3).
-22
Let v(k) = -2*k + 24. Let u = -980 + 995. What is v(u)?
-6
Let l(x) = 11*x + 428. Let q be l(-38). Let g(s) = -8*s - 1. Determine g(q).
-81
Let g(i) = i + 3. Let w be -10*(-4 - -2)*-1. Let m be 3 + (3 + 2 - w). Let z be ((-6)/(-5))/(m/(-70)). Determine g(z).
0
Suppose 19 = -105*k + 132 + 307. Let i(a) = a - 1. Suppose 0 = d, -5*d - 6 = -4*h - 2. Let u(l) = 4. Let w(n) = h*u(n) + k*i(n). Give w(-4).
-16
Let w(a) = a**2 + 2*a - 21. Let l(k) = -101*k + 505. Let m be l(5). What is w(m)?
-21
Let y(a) = a + 11 + 14 - 1 - 36. Suppose -5*w + 4*w + 10 = 0. Give y(w).
-2
Let c(m) = m - 15. Let a = -7445 + 7452. Calculate c(a).
-8
Suppose -150 - 113 + 21 = -121*q. Let d(h) be the second derivative of -2 + 3/4*h**4 + 4/3*h**3 + 3*h + 2*h**q + 1/20*h**5. Determine d(-8).
4
Let d(n) = 5114 - n - 2*n - 3*n - n**2 - 5105. Give d(-7).
2
Let o(n) = -n**3 - 4*n**2 + 6*n. Let h be (-3)/12*-4*3. Let f(t) = -t**3 + 4*t**2 + 8*t - 12. Let y be f(5). Suppose -2*u - y*x - 7 = -0*x, h = 3*x. Give o(u).
-5
Let d(b) = b**2 - 2*b + 2. Let s be d(3). Let x(h) be the second derivative of -h**5/20 + h**4/4 + 7*h**3/6 - 7*h**2/2 - 4906*h. Determine x(s).
-22
Let u = -567 - -576. Let k(v) = -2*v - 679*v**2 + 667*v**2 + 2*v**3 - 3*v**3 - u - 10*v. Determine k(-11).
2
Let u(a) = -a**3 + 4*a**2 - a + 1. Let n = 8 - 0. Let m be (-27)/(-2)*(n - (3 + 3)). Let h = m - 25. Give u(h).
7
Suppose 0 = x + 4*p - 3, 10*x + 53 = 15*x + p. Let i(s) = 29*s + 6 - x*s + s**2 - 12*s - 14*s. Calculate i(8).
6
Let a(i) = -9*i - 1. Let f be (-1)/6*-3*16. Let x = -77 + 70. Let m = x + f. Determine a(m).
-10
Let a(m) = 1055*m - 2091*m + 1015*m + 506. Give a(24).
2
Let i(h) = -26*h**3 + 13*h**2 + 23*h + 30. Let v(j) = -7*j**3 + 2*j**2 + 6*j + 7. Let f(d) = -4*i(d) + 15*v(d). Determine f(-22).
29
Suppose -48 + 45 = -z. Let g(k) be the first derivative of -k**2/2 - 3*k - 12. What is g(z)?
-6
Let k(y) = -3 - 16*y**2 + 8*y**2 - y**3 + 5*y - 4*y + 12. Suppose 4*h - 8*h + s = 36, -44 = 4*h - 3*s. What is k(h)?
1
Let y(x) be the first derivative of 3/2*x**2 + 165 